est common factor of 180 and 38292.
12
Calculate the highest common divisor of 472374 and 56.
14
What is the greatest common divisor of 375417 and 1062?
531
What is the greatest common factor of 139347 and 63?
9
What is the highest common factor of 393 and 5?
1
What is the highest common factor of 10330 and 50?
10
Calculate the highest common divisor of 372471 and 33.
33
Calculate the greatest common divisor of 4272 and 24144.
48
What is the greatest common factor of 24 and 62412?
12
What is the greatest common divisor of 344070 and 270?
90
What is the highest common divisor of 48752 and 1056?
176
What is the highest common factor of 7385 and 71470?
35
Calculate the greatest common divisor of 1984 and 200.
8
Calculate the highest common divisor of 744 and 14808.
24
What is the greatest common divisor of 17197 and 19569?
593
Calculate the greatest common factor of 3103 and 1421.
29
What is the highest common factor of 1233 and 119875?
137
What is the highest common divisor of 45 and 1809?
9
What is the greatest common factor of 3000 and 2420?
20
What is the highest common divisor of 4160 and 30420?
260
Calculate the greatest common factor of 77 and 52833.
11
Calculate the greatest common factor of 2847 and 2993.
73
What is the greatest common divisor of 122625 and 6867?
981
Calculate the highest common divisor of 46873 and 266.
19
What is the highest common factor of 426 and 6197661?
213
What is the greatest common factor of 6675 and 895?
5
Calculate the highest common factor of 2214 and 7544.
82
What is the highest common factor of 4747 and 235?
47
Calculate the highest common divisor of 1004 and 36.
4
Calculate the greatest common factor of 6 and 1085082.
6
What is the greatest common divisor of 39820 and 220?
220
What is the highest common divisor of 162 and 400302?
162
Calculate the greatest common factor of 6516 and 432.
36
Calculate the greatest common divisor of 16812 and 134963.
467
Calculate the highest common divisor of 50 and 7945850.
50
What is the highest common factor of 182 and 19604?
26
What is the greatest common factor of 18 and 1645614?
18
Calculate the greatest common divisor of 4560 and 20.
20
Calculate the highest common factor of 11414 and 338.
26
What is the greatest common factor of 64 and 30024?
8
Calculate the highest common factor of 336 and 1267.
7
What is the greatest common divisor of 165371 and 61?
61
Calculate the greatest common divisor of 21 and 458913.
21
What is the greatest common divisor of 294 and 2716?
14
Calculate the highest common factor of 1025 and 19147.
41
What is the greatest common divisor of 33694 and 102?
34
What is the highest common divisor of 2 and 225410?
2
What is the highest common divisor of 100 and 10225?
25
Calculate the greatest common divisor of 136 and 238.
34
Calculate the greatest common divisor of 162525 and 9259.
197
What is the greatest common divisor of 1424 and 9704?
8
Calculate the greatest common divisor of 1661 and 1519060.
151
What is the greatest common divisor of 451545 and 795?
15
What is the highest common factor of 780 and 1677?
39
Calculate the highest common factor of 3713 and 8413.
47
What is the highest common divisor of 36750 and 84?
42
What is the highest common factor of 26272 and 130539?
821
What is the greatest common divisor of 365034 and 498?
498
Calculate the highest common divisor of 254 and 114300.
254
Calculate the highest common divisor of 1536 and 2244.
12
Calculate the greatest common divisor of 4048 and 89309.
253
Calculate the greatest common factor of 42891 and 187.
17
Calculate the highest common factor of 1268 and 9.
1
Calculate the highest common divisor of 2057 and 2992.
187
Calculate the highest common factor of 325 and 610025.
325
Calculate the greatest common factor of 4158 and 112.
14
What is the greatest common factor of 1596 and 5396?
76
Calculate the highest common divisor of 72721 and 1089.
121
Calculate the highest common factor of 693 and 8943.
33
Calculate the highest common divisor of 9114 and 45198.
186
What is the greatest common factor of 130 and 30498?
26
Calculate the greatest common factor of 355743 and 2115.
423
Calculate the highest common divisor of 3 and 4248492.
3
What is the greatest common factor of 33621 and 189?
21
What is the greatest common factor of 129 and 2690553?
129
Calculate the highest common divisor of 114 and 210.
6
What is the greatest common divisor of 1095 and 544872?
219
What is the greatest common factor of 793 and 47885?
61
Calculate the highest common factor of 11028 and 42.
6
What is the greatest common factor of 41261 and 31?
31
What is the highest common factor of 9339 and 990?
33
Calculate the highest common divisor of 2344 and 136.
8
Calculate the highest common factor of 950664 and 198.
66
Calculate the highest common divisor of 41503 and 605.
121
What is the greatest common factor of 11475904 and 704?
704
What is the greatest common divisor of 297 and 15279?
33
What is the greatest common divisor of 3840 and 85920?
480
What is the highest common divisor of 64 and 100432?
16
What is the highest common factor of 78 and 10536?
6
Calculate the greatest common divisor of 4459 and 8183.
49
Calculate the greatest common divisor of 142153 and 55.
11
Calculate the highest common factor of 43520 and 120.
40
What is the greatest common divisor of 63 and 4669098?
21
What is the greatest common factor of 69141 and 456?
57
What is the greatest common factor of 270093 and 12?
3
Calculate the greatest common factor of 1256 and 66568.
1256
What is the greatest common divisor of 27034 and 56?
14
Calculate the highest common factor of 52 and 263497.
13
Calculate the greatest common factor of 2294757 and 81.
27
What is the highest common divisor of 64249 and 2021?
47
What is the greatest common factor of 39 and 2694822?
39
What is the greatest common divisor of 353 and 679525?
353
What is the highest common divisor of 54726 and 42?
42
What is the highest common factor of 59982 and 78?
78
What is the greatest common factor of 232 and 261?
29
What is the greatest common divisor of 172845 and 90?
45
Calculate the highest common factor of 1826 and 5395.
83
What is the greatest common divisor of 369 and 1218069?
369
What is the greatest common divisor of 14048 and 128?
32
Calculate the highest common factor of 46647 and 4599.
657
Calculate the greatest common factor of 10927 and 14.
7
What is the highest common factor of 10595 and 1560?
65
Calculate the greatest common factor of 163317 and 84.
21
Calculate the greatest common factor of 45 and 907380.
45
What is the greatest common factor of 30299 and 738?
41
What is the highest common divisor of 1272 and 21412?
212
What is the greatest common divisor of 208 and 303004?
52
Calculate the highest common divisor of 2176 and 3128.
136
What is the highest common factor of 6 and 6932?
2
What is the highest common divisor of 8177 and 629?
629
Calculate the highest common divisor of 115 and 3476864.
23
What is the highest common divisor of 15694 and 1062?
118
What is the greatest common factor of 410982 and 39?
39
What is the highest common divisor of 36916 and 40?
4
What is the greatest common factor of 173479 and 10471?
283
Calculate the greatest common divisor of 970 and 38509.
97
Calculate the highest common divisor of 274 and 362913.
137
Calculate the highest common divisor of 1682 and 4257983.
841
Calculate the greatest common factor of 4015 and 2992.
11
Calculate the highest common divisor of 468090 and 378.
126
Calculate the greatest common factor of 1937 and 741.
13
What is the highest common divisor of 1729322 and 1212?
202
Calculate the greatest common divisor of 19 and 9615349.
19
Calculate the greatest common factor of 445068 and 108.
108
What is the greatest common factor of 720333 and 81?
81
Calculate the greatest common factor of 46236 and 327.
3
Calculate the greatest common factor of 33 and 167783.
11
Calculate the greatest common divisor of 19348 and 1246.
14
Calculate the highest common divisor of 169022 and 70.
14
What is the highest common factor of 239 and 5208?
1
Calculate the highest common factor of 10530 and 5694.
78
What is the highest common divisor of 6698 and 2805?
17
Calculate the greatest common factor of 1248 and 234.
78
What is the hig